{"id":75,"date":"2022-03-28T16:35:37","date_gmt":"2022-03-28T14:35:37","guid":{"rendered":"https:\/\/oree-de-marly.com\/?page_id=75"},"modified":"2023-07-11T04:10:31","modified_gmt":"2023-07-11T02:10:31","slug":"brouillon-auto-2","status":"publish","type":"page","link":"https:\/\/oree-de-marly.com\/?page_id=75","title":{"rendered":"Informations pratiques"},"content":{"rendered":"<div class=\"vce-row-container\" data-vce-boxed-width=\"true\"><div class=\"vce-row vce-row--col-gap-30 vce-row-equal-height vce-row-content--top\" id=\"el-600492db\" data-vce-do-apply=\"all el-600492db\"><div class=\"vce-row-content\" data-vce-element-content=\"true\"><div class=\"vce-col vce-col--md-auto vce-col--xs-1 vce-col--xs-last vce-col--xs-first vce-col--sm-last vce-col--sm-first vce-col--md-first vce-col--lg-first vce-col--xl-first\" id=\"el-aae17788\"><div class=\"vce-col-inner\" data-vce-do-apply=\"border margin background  el-aae17788\"><div class=\"vce-col-content\" data-vce-element-content=\"true\" data-vce-do-apply=\"padding el-aae17788\"><div class=\"vce-single-image-container vce-single-image--align-center\"><div class=\"vce vce-single-image-wrapper\" id=\"el-f5cb4dc7\" data-vce-do-apply=\"all el-f5cb4dc7\"><figure><div class=\"vce-single-image-figure-inner\" style=\"width: 908px;\"><a href=\"https:\/\/oree-de-marly.com\/?page_id=56\" title=\"\" class=\"vce-single-image-inner vce-single-image--absolute vce-single-image--border-rounded\" style=\"width: 100%; padding-bottom: 68.942731%;\"><img loading=\"lazy\" decoding=\"async\" class=\"vce-single-image\"  width=\"908\" height=\"626\" srcset=\"https:\/\/oree-de-marly.com\/wp-content\/uploads\/2023\/07\/tab-gardiens-320x221.jpeg 320w, https:\/\/oree-de-marly.com\/wp-content\/uploads\/2023\/07\/tab-gardiens-480x331.jpeg 480w, https:\/\/oree-de-marly.com\/wp-content\/uploads\/2023\/07\/tab-gardiens-800x552.jpeg 800w, https:\/\/oree-de-marly.com\/wp-content\/uploads\/2023\/07\/tab-gardiens-908x626.jpeg 908w\" src=\"https:\/\/oree-de-marly.com\/wp-content\/uploads\/2023\/07\/tab-gardiens-908x626.jpeg\" data-img-src=\"https:\/\/oree-de-marly.com\/wp-content\/uploads\/2022\/03\/tab-gardiens.jpeg\" data-attachment-id=\"76\"  alt=\"\" title=\"tab gardiens\" \/><\/a><\/div><figcaption hidden=\"\"><\/figcaption><\/figure><\/div><\/div><div class=\"vce-text-block\"><div class=\"vce-text-block-wrapper vce\" id=\"el-5c2f4004\" data-vce-do-apply=\"all el-5c2f4004\"><h2>Gardiens<\/h2>\n<p style=\"text-align: right;\">Lundi: 7h45 - 12h00 <br>et 15h30 - 19h45<br>Mardi - Vendredi: 7h45 - 12h15<br>et 15h15 - 19h45<br>Samedi: 9h00 - 12h00<\/p><\/div><\/div><div class=\"vce-button--style-basic-container vce-button--style-basic-container--align-center\"><span class=\"vce-button--style-basic-wrapper vce\" id=\"el-83f72173\" data-vce-do-apply=\"margin el-83f72173\"><a class=\"vce-button vce-button--style-basic vce-button--style-basic--border-round vce-button--style-basic--size-medium vce-button--style-basic--color-557cbf--fff\" href=\"https:\/\/oree-de-marly.com\/?page_id=56\" title=\"\" data-vce-do-apply=\"padding border background  el-83f72173\">En savoir plus<\/a><\/span><\/div><\/div><\/div><\/div><div class=\"vce-col vce-col--md-auto vce-col--xs-1 vce-col--xs-last vce-col--xs-first vce-col--sm-last vce-col--sm-first\" id=\"el-2838c043\"><div class=\"vce-col-inner\" data-vce-do-apply=\"border margin background  el-2838c043\"><div class=\"vce-col-content\" data-vce-element-content=\"true\" data-vce-do-apply=\"padding el-2838c043\"><div class=\"vce-single-image-container vce-single-image--align-left\"><div class=\"vce vce-single-image-wrapper\" id=\"el-68db81f8\" data-vce-do-apply=\"all el-68db81f8\"><figure><div class=\"vce-single-image-figure-inner\" style=\"width: 908px;\"><a href=\"https:\/\/oree-de-marly.com\/?page_id=73\" title=\"\" class=\"vce-single-image-inner vce-single-image--absolute vce-single-image--border-rounded\" style=\"width: 100%; padding-bottom: 68.942731%;\"><img loading=\"lazy\" decoding=\"async\" class=\"vce-single-image\"  width=\"908\" height=\"626\" srcset=\"https:\/\/oree-de-marly.com\/wp-content\/uploads\/2023\/07\/tab-urgence-320x221.jpg 320w, https:\/\/oree-de-marly.com\/wp-content\/uploads\/2023\/07\/tab-urgence-480x331.jpg 480w, https:\/\/oree-de-marly.com\/wp-content\/uploads\/2023\/07\/tab-urgence-800x552.jpg 800w, https:\/\/oree-de-marly.com\/wp-content\/uploads\/2023\/07\/tab-urgence-908x626.jpg 908w\" src=\"https:\/\/oree-de-marly.com\/wp-content\/uploads\/2023\/07\/tab-urgence-908x626.jpg\" data-img-src=\"https:\/\/oree-de-marly.com\/wp-content\/uploads\/2022\/03\/tab-urgence.jpg\" data-attachment-id=\"77\"  alt=\"\" title=\"tab urgence\" \/><\/a><\/div><figcaption hidden=\"\"><\/figcaption><\/figure><\/div><\/div><div class=\"vce-text-block\"><div class=\"vce-text-block-wrapper vce\" id=\"el-22bacd2b\" data-vce-do-apply=\"all el-22bacd2b\"><h2>Urgences<\/h2><p style=\"line-height: inherit;\"><strong>SECOURS D'URGENCES :&nbsp;112<\/strong>&nbsp;<br>(toutes natures, r\u00e9ponse dans les principales langues europ\u00e9ennes)&nbsp;<\/p><p>ou :<br>SAMU :&nbsp;15<br>POMPIERS :18<br>GENDARMERIE :&nbsp;17&nbsp;<br>ou&nbsp;&nbsp;01 61 06 22 10<\/p><\/div><\/div><div class=\"vce-button--style-basic-container vce-button--style-basic-container--align-center\"><span class=\"vce-button--style-basic-wrapper vce\" id=\"el-8a320aa2\" data-vce-do-apply=\"margin el-8a320aa2\"><a class=\"vce-button vce-button--style-basic vce-button--style-basic--border-round vce-button--style-basic--size-medium vce-button--style-basic--color-557cbf--fff\" href=\"https:\/\/oree-de-marly.com\/?page_id=73\" title=\"\" data-vce-do-apply=\"padding border background  el-8a320aa2\">En savoir plus<\/a><\/span><\/div><\/div><\/div><\/div><div class=\"vce-col vce-col--md-auto vce-col--xs-1 vce-col--xs-last vce-col--xs-first vce-col--sm-last vce-col--sm-first vce-col--md-last vce-col--lg-last vce-col--xl-last\" id=\"el-2c1a68e8\"><div class=\"vce-col-inner\" data-vce-do-apply=\"border margin background  el-2c1a68e8\"><div class=\"vce-col-content\" data-vce-element-content=\"true\" data-vce-do-apply=\"padding el-2c1a68e8\"><div class=\"vce-single-image-container vce-single-image--align-left\"><div class=\"vce vce-single-image-wrapper\" id=\"el-dd989ef7\" data-vce-do-apply=\"all el-dd989ef7\"><figure><div class=\"vce-single-image-figure-inner\" style=\"width: 908px;\"><a href=\"https:\/\/oree-de-marly.com\/?page_id=65\" title=\"\" class=\"vce-single-image-inner vce-single-image--absolute vce-single-image--border-rounded\" style=\"width: 100%; padding-bottom: 68.942731%;\"><img loading=\"lazy\" decoding=\"async\" class=\"vce-single-image\"  width=\"908\" height=\"626\" srcset=\"https:\/\/oree-de-marly.com\/wp-content\/uploads\/2023\/07\/tab-recyclage-320x221.jpg 320w, https:\/\/oree-de-marly.com\/wp-content\/uploads\/2023\/07\/tab-recyclage-480x331.jpg 480w, https:\/\/oree-de-marly.com\/wp-content\/uploads\/2023\/07\/tab-recyclage-800x552.jpg 800w, https:\/\/oree-de-marly.com\/wp-content\/uploads\/2023\/07\/tab-recyclage-908x626.jpg 908w\" src=\"https:\/\/oree-de-marly.com\/wp-content\/uploads\/2023\/07\/tab-recyclage-908x626.jpg\" data-img-src=\"https:\/\/oree-de-marly.com\/wp-content\/uploads\/2022\/03\/tab-recyclage.jpg\" data-attachment-id=\"78\"  alt=\"\" title=\"tab recyclage\" \/><\/a><\/div><figcaption hidden=\"\"><\/figcaption><\/figure><\/div><\/div><div class=\"vce-text-block\"><div class=\"vce-text-block-wrapper vce\" id=\"el-044eae43\" data-vce-do-apply=\"all el-044eae43\"><h2>Recyclage<\/h2><p>Le ramassage des dechets est assur\u00e9 par Versailles Grand Parc. Seules les ordures m\u00e9nag\u00e8res sont factur\u00e9s. Il est donc important de trier correctement et de recycler au maximum les d\u00e9chets.<\/p><\/div><\/div><div class=\"vce-button--style-basic-container vce-button--style-basic-container--align-center\"><span class=\"vce-button--style-basic-wrapper vce\" id=\"el-a3fca84e\" data-vce-do-apply=\"margin el-a3fca84e\"><a class=\"vce-button vce-button--style-basic vce-button--style-basic--border-round vce-button--style-basic--size-medium vce-button--style-basic--color-557cbf--fff\" href=\"https:\/\/oree-de-marly.com\/?page_id=65\" title=\"\" data-vce-do-apply=\"padding border background  el-a3fca84e\">En savoir plus<\/a><\/span><\/div><\/div><\/div><\/div><\/div><\/div><\/div><div class=\"vce-row-container\" data-vce-boxed-width=\"true\"><div class=\"vce-row vce-row--col-gap-30 vce-row-equal-height vce-row-content--top\" id=\"el-af416935\" data-vce-do-apply=\"all el-af416935\"><div class=\"vce-row-content\" data-vce-element-content=\"true\"><div class=\"vce-col vce-col--md-auto vce-col--xs-1 vce-col--xs-last vce-col--xs-first vce-col--sm-last vce-col--sm-first vce-col--md-first vce-col--lg-first vce-col--xl-first\" id=\"el-8056cc84\"><div class=\"vce-col-inner\" data-vce-do-apply=\"border margin background  el-8056cc84\"><div class=\"vce-col-content\" data-vce-element-content=\"true\" data-vce-do-apply=\"padding el-8056cc84\"><div class=\"vce-single-image-container vce-single-image--align-left\"><div class=\"vce vce-single-image-wrapper\" id=\"el-da8047ab\" data-vce-do-apply=\"all el-da8047ab\"><figure><div class=\"vce-single-image-figure-inner\" style=\"width: 463px;\"><a href=\"https:\/\/oree-de-marly.com\/?page_id=1756\" title=\"\" target=\"_blank\" class=\"vce-single-image-inner vce-single-image--absolute vce-single-image--border-rounded\" style=\"padding-bottom: 59.395248%; width: 100%;\" rel=\"noopener\"><img loading=\"lazy\" decoding=\"async\" class=\"vce-single-image\"  width=\"463\" height=\"275\" srcset=\"https:\/\/oree-de-marly.com\/wp-content\/uploads\/2023\/07\/tab-Quote-part-320x190.jpg 320w, https:\/\/oree-de-marly.com\/wp-content\/uploads\/2023\/07\/tab-Quote-part-463x275.jpg 463w\" src=\"https:\/\/oree-de-marly.com\/wp-content\/uploads\/2023\/07\/tab-Quote-part-463x275.jpg\" data-img-src=\"https:\/\/oree-de-marly.com\/wp-content\/uploads\/2023\/07\/tab-Quote-part.jpg\" data-attachment-id=\"1780\"  alt=\"\" title=\"tab Quote-part\" \/><\/a><\/div><figcaption hidden=\"\"><\/figcaption><\/figure><\/div><\/div><div class=\"vce-text-block\"><div class=\"vce-text-block-wrapper vce\" id=\"el-d4d41e69\" data-vce-do-apply=\"all el-d4d41e69\"><h2>Calcul de quote-part<\/h2>\n<p>Cette page vous permet de calculer votre quote-part des montants vot\u00e9s en Assembl\u00e9e G\u00e9n\u00e9rale en fonction de la clef de r\u00e9partition et de votre patrimoine.<\/p><\/div><\/div><div class=\"vce-button--style-basic-container vce-button--style-basic-container--align-center\"><span class=\"vce-button--style-basic-wrapper vce\" id=\"el-fc3f5f49\" data-vce-do-apply=\"margin el-fc3f5f49\"><a class=\"vce-button vce-button--style-basic vce-button--style-basic--border-round vce-button--style-basic--size-medium vce-button--style-basic--color-557cbf--fff\" href=\"https:\/\/oree-de-marly.com\/?page_id=1756\" title=\"\" data-vce-do-apply=\"padding border background  el-fc3f5f49\">En savoir plus<\/a><\/span><\/div><\/div><\/div><\/div><div class=\"vce-col vce-col--md-auto vce-col--xs-1 vce-col--xs-last vce-col--xs-first vce-col--sm-last vce-col--sm-first\" id=\"el-2866c09d\"><div class=\"vce-col-inner\" data-vce-do-apply=\"border margin background  el-2866c09d\"><div class=\"vce-col-content\" data-vce-element-content=\"true\" data-vce-do-apply=\"padding el-2866c09d\"><div><\/div><\/div><\/div><\/div><div class=\"vce-col vce-col--md-auto vce-col--xs-1 vce-col--xs-last vce-col--xs-first vce-col--sm-last vce-col--sm-first vce-col--md-last vce-col--lg-last vce-col--xl-last\" id=\"el-d788acf9\"><div class=\"vce-col-inner\" data-vce-do-apply=\"border margin background  el-d788acf9\"><div class=\"vce-col-content\" data-vce-element-content=\"true\" data-vce-do-apply=\"padding el-d788acf9\"><div><\/div><\/div><\/div><\/div><\/div><\/div><\/div>","protected":false},"excerpt":{"rendered":"<p>Gardiens Lundi: 7h45 &#8211; 12h00 et 15h30 &#8211; 19h45Mardi &#8211; Vendredi: 7h45 &#8211; 12h15et 15h15 &#8211; 19h45Samedi: 9h00 &#8211; 12h00En savoir plusUrgencesSECOURS D&#8217;URGENCES :&nbsp;112&nbsp;(toutes natures, r\u00e9ponse dans les principales langues europ\u00e9ennes)&nbsp;ou :SAMU :&nbsp;15POMPIERS :18GENDARMERIE :&nbsp;17&nbsp;ou&nbsp;&nbsp;01 61 06 22 10En savoir plusRecyclageLe ramassage des dechets est assur\u00e9 par Versailles Grand Parc. Seules les ordures m\u00e9nag\u00e8res sont &hellip; <\/p>\n<p class=\"link-more\"><a href=\"https:\/\/oree-de-marly.com\/?page_id=75\" class=\"more-link\">Continuer la lecture<span class=\"screen-reader-text\"> de &laquo;&nbsp;Informations pratiques&nbsp;&raquo;<\/span><\/a><\/p>\n","protected":false},"author":1,"featured_media":0,"parent":0,"menu_order":0,"comment_status":"closed","ping_status":"closed","template":"","meta":{"footnotes":""},"class_list":["post-75","page","type-page","status-publish","hentry"],"jetpack_sharing_enabled":true,"_links":{"self":[{"href":"https:\/\/oree-de-marly.com\/index.php?rest_route=\/wp\/v2\/pages\/75","targetHints":{"allow":["GET"]}}],"collection":[{"href":"https:\/\/oree-de-marly.com\/index.php?rest_route=\/wp\/v2\/pages"}],"about":[{"href":"https:\/\/oree-de-marly.com\/index.php?rest_route=\/wp\/v2\/types\/page"}],"author":[{"embeddable":true,"href":"https:\/\/oree-de-marly.com\/index.php?rest_route=\/wp\/v2\/users\/1"}],"replies":[{"embeddable":true,"href":"https:\/\/oree-de-marly.com\/index.php?rest_route=%2Fwp%2Fv2%2Fcomments&post=75"}],"version-history":[{"count":11,"href":"https:\/\/oree-de-marly.com\/index.php?rest_route=\/wp\/v2\/pages\/75\/revisions"}],"predecessor-version":[{"id":1786,"href":"https:\/\/oree-de-marly.com\/index.php?rest_route=\/wp\/v2\/pages\/75\/revisions\/1786"}],"wp:attachment":[{"href":"https:\/\/oree-de-marly.com\/index.php?rest_route=%2Fwp%2Fv2%2Fmedia&parent=75"}],"curies":[{"name":"wp","href":"https:\/\/api.w.org\/{rel}","templated":true}]}}