{"id":109,"date":"2022-03-28T17:59:25","date_gmt":"2022-03-28T15:59:25","guid":{"rendered":"https:\/\/oree-de-marly.com\/?page_id=109"},"modified":"2024-10-25T22:08:51","modified_gmt":"2024-10-25T20:08:51","slug":"brouillon-auto-3","status":"publish","type":"page","link":"https:\/\/oree-de-marly.com\/?page_id=109","title":{"rendered":"Qualit\u00e9 de la vie"},"content":{"rendered":"<div class=\"vce-row-container\" data-vce-boxed-width=\"true\"><div class=\"vce-row vce-row--col-gap-30 vce-row-equal-height vce-row-content--top\" id=\"el-c8b83dc0\" data-vce-do-apply=\"all el-c8b83dc0\"><div class=\"vce-row-content\" data-vce-element-content=\"true\"><div class=\"vce-col vce-col--md-auto vce-col--xs-1 vce-col--xs-last vce-col--xs-first vce-col--sm-last vce-col--sm-first vce-col--md-first vce-col--lg-first vce-col--xl-first\" id=\"el-6f12751f\"><div class=\"vce-col-inner\" data-vce-do-apply=\"border margin background  el-6f12751f\"><div class=\"vce-col-content\" data-vce-element-content=\"true\" data-vce-do-apply=\"padding el-6f12751f\"><div class=\"vce-single-image-container vce-single-image--align-center\"><div class=\"vce vce-single-image-wrapper\" id=\"el-5664c107\" data-vce-do-apply=\"all el-5664c107\"><figure><div class=\"vce-single-image-figure-inner\" style=\"width: 908px;\"><a href=\"https:\/\/oree-de-marly.com\/?page_id=2725\" title=\"\" target=\"_blank\" class=\"vce-single-image-inner vce-single-image--absolute vce-single-image--border-rounded\" style=\"padding-bottom: 68.942731%; width: 100%;\" rel=\"noopener\"><img loading=\"lazy\" decoding=\"async\" class=\"vce-single-image\"  width=\"908\" height=\"626\" srcset=\"https:\/\/oree-de-marly.com\/wp-content\/uploads\/2024\/10\/tab-Espaces-Verts-320x221.jpeg 320w, https:\/\/oree-de-marly.com\/wp-content\/uploads\/2024\/10\/tab-Espaces-Verts-480x331.jpeg 480w\" src=\"https:\/\/oree-de-marly.com\/wp-content\/uploads\/2022\/03\/tab-Espaces-Verts.jpeg\" data-img-src=\"https:\/\/oree-de-marly.com\/wp-content\/uploads\/2022\/03\/tab-Espaces-Verts.jpeg\" data-attachment-id=\"110\"  alt=\"\" title=\"tab Espaces Verts\" \/><\/a><\/div><figcaption hidden=\"\"><\/figcaption><\/figure><\/div><\/div><div class=\"vce-text-block\"><div class=\"vce-text-block-wrapper vce\" id=\"el-674fc430\" data-vce-do-apply=\"all el-674fc430\"><h2>Espaces vert<\/h2><p>Pelouses, massifs de fleurs, arbres magestueux... Un havre de paix et de verdure.<\/p><\/div><\/div><div class=\"vce-button--style-basic-container vce-button--style-basic-container--align-center\"><span class=\"vce-button--style-basic-wrapper vce\" id=\"el-5cb4f330\" data-vce-do-apply=\"margin el-5cb4f330\"><a class=\"vce-button vce-button--style-basic vce-button--style-basic--border-round vce-button--style-basic--size-medium vce-button--style-basic--color-557cbf--fff\" href=\"https:\/\/oree-de-marly.com\/?page_id=2725\" title=\"\" data-vce-do-apply=\"padding border background  el-5cb4f330\">En savoir plus<\/a><\/span><\/div><\/div><\/div><\/div><div class=\"vce-col vce-col--md-auto vce-col--xs-1 vce-col--xs-last vce-col--xs-first vce-col--sm-last vce-col--sm-first\" id=\"el-c5318b58\"><div class=\"vce-col-inner\" data-vce-do-apply=\"border margin background  el-c5318b58\"><div class=\"vce-col-content\" data-vce-element-content=\"true\" data-vce-do-apply=\"padding el-c5318b58\"><div class=\"vce-single-image-container vce-single-image--align-center\"><div class=\"vce vce-single-image-wrapper\" id=\"el-d8e64dd1\" data-vce-do-apply=\"all el-d8e64dd1\"><figure><div class=\"vce-single-image-figure-inner\" style=\"width: 908px;\"><a href=\"https:\/\/oree-de-marly.com\/?page_id=102\" title=\"\" class=\"vce-single-image-inner vce-single-image--absolute vce-single-image--border-rounded\" style=\"width: 100%; padding-bottom: 68.942731%;\"><img loading=\"lazy\" decoding=\"async\" class=\"vce-single-image\"  width=\"908\" height=\"626\" srcset=\"https:\/\/oree-de-marly.com\/wp-content\/uploads\/2024\/10\/tab-jeux-320x221.jpeg 320w\" src=\"https:\/\/oree-de-marly.com\/wp-content\/uploads\/2022\/03\/tab-jeux.jpeg\" data-img-src=\"https:\/\/oree-de-marly.com\/wp-content\/uploads\/2022\/03\/tab-jeux.jpeg\" data-attachment-id=\"111\"  alt=\"\" title=\"tab jeux\" \/><\/a><\/div><figcaption hidden=\"\"><\/figcaption><\/figure><\/div><\/div><div class=\"vce-text-block\"><div class=\"vce-text-block-wrapper vce\" id=\"el-96f14d82\" data-vce-do-apply=\"all el-96f14d82\"><h2>Aires de jeux<\/h2><p>Deux aires de jeux, enti\u00e8rement r\u00e9nov\u00e9s en 2010 sont \u00e0 la disposition des petits et des plus grands.<\/p><\/div><\/div><div class=\"vce-button--style-basic-container vce-button--style-basic-container--align-center\"><span class=\"vce-button--style-basic-wrapper vce\" id=\"el-c553e680\" data-vce-do-apply=\"margin el-c553e680\"><a class=\"vce-button vce-button--style-basic vce-button--style-basic--border-round vce-button--style-basic--size-medium vce-button--style-basic--color-557cbf--fff\" href=\"https:\/\/oree-de-marly.com\/?page_id=102\" title=\"\" data-vce-do-apply=\"padding border background  el-c553e680\">En savoir plus<\/a><\/span><\/div><\/div><\/div><\/div><div class=\"vce-col vce-col--md-auto vce-col--xs-1 vce-col--xs-last vce-col--xs-first vce-col--sm-last vce-col--sm-first vce-col--md-last vce-col--lg-last vce-col--xl-last\" id=\"el-0e9461c9\"><div class=\"vce-col-inner\" data-vce-do-apply=\"border margin background  el-0e9461c9\"><div class=\"vce-col-content\" data-vce-element-content=\"true\" data-vce-do-apply=\"padding el-0e9461c9\"><div class=\"vce-single-image-container vce-single-image--align-center\"><div class=\"vce vce-single-image-wrapper\" id=\"el-71b31c4f\" data-vce-do-apply=\"all el-71b31c4f\"><figure><div class=\"vce-single-image-figure-inner\" style=\"width: 908px;\"><a href=\"https:\/\/oree-de-marly.com\/?page_id=104\" title=\"\" class=\"vce-single-image-inner vce-single-image--absolute vce-single-image--border-rounded\" style=\"width: 100%; padding-bottom: 68.942731%;\"><img loading=\"lazy\" decoding=\"async\" class=\"vce-single-image\"  width=\"908\" height=\"626\" srcset=\"https:\/\/oree-de-marly.com\/wp-content\/uploads\/2024\/10\/tab-piscine-320x221.jpg 320w\" src=\"https:\/\/oree-de-marly.com\/wp-content\/uploads\/2022\/03\/tab-piscine.jpg\" data-img-src=\"https:\/\/oree-de-marly.com\/wp-content\/uploads\/2022\/03\/tab-piscine.jpg\" data-attachment-id=\"112\"  alt=\"\" title=\"tab piscine\" \/><\/a><\/div><figcaption hidden=\"\"><\/figcaption><\/figure><\/div><\/div><div class=\"vce-text-block\"><div class=\"vce-text-block-wrapper vce\" id=\"el-2c6ea6d3\" data-vce-do-apply=\"all el-2c6ea6d3\"><h2>Piscine<\/h2><p>Lieux de rassemblement et de convivialit\u00e9 par excellence de la r\u00e9sidence.<\/p><\/div><\/div><div class=\"vce-button--style-basic-container vce-button--style-basic-container--align-center\"><span class=\"vce-button--style-basic-wrapper vce\" id=\"el-13952949\" data-vce-do-apply=\"margin el-13952949\"><a class=\"vce-button vce-button--style-basic vce-button--style-basic--border-round vce-button--style-basic--size-medium vce-button--style-basic--color-557cbf--fff\" href=\"https:\/\/oree-de-marly.com\/?page_id=104\" title=\"\" data-vce-do-apply=\"padding border background  el-13952949\">En savoir plus<\/a><\/span><\/div><\/div><\/div><\/div><\/div><\/div><\/div><div class=\"vce-row-container\" data-vce-boxed-width=\"true\"><div class=\"vce-row vce-row--col-gap-30 vce-row-equal-height vce-row-content--top\" id=\"el-780a35b3\" data-vce-do-apply=\"all el-780a35b3\"><div class=\"vce-row-content\" data-vce-element-content=\"true\"><div class=\"vce-col vce-col--md-auto vce-col--xs-1 vce-col--xs-last vce-col--xs-first vce-col--sm-last vce-col--sm-first vce-col--md-first vce-col--lg-first vce-col--xl-first\" id=\"el-51a8a596\"><div class=\"vce-col-inner\" data-vce-do-apply=\"border margin background  el-51a8a596\"><div class=\"vce-col-content\" data-vce-element-content=\"true\" data-vce-do-apply=\"padding el-51a8a596\"><div class=\"vce vce-separator-container vce-separator--align-center vce-separator--style-solid\" id=\"el-71e0c196\" data-vce-do-apply=\"margin el-71e0c196\"><div class=\"vce-separator vce-separator--color-bfc0c1 vce-separator--width-60 vce-separator--thickness-1\" data-vce-do-apply=\"border padding background  el-71e0c196\"><\/div><\/div><div class=\"vce-single-image-container vce-single-image--align-center\"><div class=\"vce vce-single-image-wrapper\" id=\"el-6789cf27\" data-vce-do-apply=\"all el-6789cf27\"><figure><div class=\"vce-single-image-figure-inner\" style=\"width: 908px;\"><a href=\"https:\/\/oree-de-marly.com\/?page_id=100\" title=\"\" class=\"vce-single-image-inner vce-single-image--absolute vce-single-image--border-rounded\" style=\"width: 100%; padding-bottom: 68.942731%;\"><img loading=\"lazy\" decoding=\"async\" class=\"vce-single-image\"  width=\"908\" height=\"626\" srcset=\"https:\/\/oree-de-marly.com\/wp-content\/uploads\/2024\/10\/tab-lavage-320x221.jpg 320w\" src=\"https:\/\/oree-de-marly.com\/wp-content\/uploads\/2022\/03\/tab-lavage.jpg\" data-img-src=\"https:\/\/oree-de-marly.com\/wp-content\/uploads\/2022\/03\/tab-lavage.jpg\" data-attachment-id=\"113\"  alt=\"\" title=\"tab lavage\" \/><\/a><\/div><figcaption hidden=\"\"><\/figcaption><\/figure><\/div><\/div><div class=\"vce-text-block\"><div class=\"vce-text-block-wrapper vce\" id=\"el-0c358011\" data-vce-do-apply=\"all el-0c358011\"><h2>Aire de lavage des voitures<\/h2><p>Une aire de lavage des voiture est disponible dans le coin nord-ouest de la r\u00e9sidence.<\/p><\/div><\/div><div class=\"vce-button--style-basic-container vce-button--style-basic-container--align-center\"><span class=\"vce-button--style-basic-wrapper vce\" id=\"el-1427e5d5\" data-vce-do-apply=\"margin el-1427e5d5\"><a class=\"vce-button vce-button--style-basic vce-button--style-basic--border-round vce-button--style-basic--size-medium vce-button--style-basic--color-557cbf--fff\" href=\"https:\/\/oree-de-marly.com\/?page_id=100\" title=\"\" data-vce-do-apply=\"padding border background  el-1427e5d5\">En savoir plus<\/a><\/span><\/div><\/div><\/div><\/div><div class=\"vce-col vce-col--md-auto vce-col--xs-1 vce-col--xs-last vce-col--xs-first vce-col--sm-last vce-col--sm-first\" id=\"el-ad15d00c\"><div class=\"vce-col-inner\" data-vce-do-apply=\"border margin background  el-ad15d00c\"><div class=\"vce-col-content\" data-vce-element-content=\"true\" data-vce-do-apply=\"padding el-ad15d00c\"><div class=\"vce vce-separator-container vce-separator--align-center vce-separator--style-solid\" id=\"el-ee887ec4\" data-vce-do-apply=\"margin el-ee887ec4\"><div class=\"vce-separator vce-separator--color-bfc0c1 vce-separator--width-60 vce-separator--thickness-1\" data-vce-do-apply=\"border padding background  el-ee887ec4\"><\/div><\/div><div class=\"vce-single-image-container vce-single-image--align-center\"><div class=\"vce vce-single-image-wrapper\" id=\"el-921d1d64\" data-vce-do-apply=\"all el-921d1d64\"><figure><div class=\"vce-single-image-figure-inner\" style=\"width: 960px;\"><div class=\"vce-single-image-inner vce-single-image--absolute vce-single-image--border-rounded\" style=\"width: 100%; padding-bottom: 66.666667%;\"><img loading=\"lazy\" decoding=\"async\" class=\"vce-single-image\"  width=\"960\" height=\"640\" srcset=\"https:\/\/oree-de-marly.com\/wp-content\/uploads\/2024\/10\/single-image-320x213.jpg 320w\" src=\"https:\/\/oree-de-marly.com\/wp-content\/plugins\/visualcomposer\/elements\/singleImage\/singleImage\/public\/single-image.jpg\" data-img-src=\"https:\/\/oree-de-marly.com\/wp-content\/plugins\/visualcomposer\/elements\/singleImage\/singleImage\/public\/single-image.jpg\" data-attachment-id=\"0\"   alt=\"\" title=\"\" \/><\/div><\/div><figcaption hidden=\"\"><\/figcaption><\/figure><\/div><\/div><div class=\"vce-text-block\"><div class=\"vce-text-block-wrapper vce\" id=\"el-278d7a14\" data-vce-do-apply=\"all el-278d7a14\"><h2>T\u00e9l\u00e9vision et internet<\/h2><p>La r\u00e9sidence poss\u00e8de un r\u00e9seau de distribution de t\u00e9l\u00e9vision coaxial. Elle est aussi desservie par la fibre pour les acc\u00e8s internet.<\/p><\/div><\/div><div class=\"vce-button--style-basic-container vce-button--style-basic-container--align-center\"><span class=\"vce-button--style-basic-wrapper vce\" id=\"el-0e247d3c\" data-vce-do-apply=\"margin el-0e247d3c\"><button class=\"vce-button vce-button--style-basic vce-button--style-basic--border-round vce-button--style-basic--size-medium vce-button--style-basic--color-557cbf--fff\" data-vce-do-apply=\"padding border background  el-0e247d3c\">En savoir plus<\/button><\/span><\/div><\/div><\/div><\/div><div class=\"vce-col vce-col--md-auto vce-col--xs-1 vce-col--xs-last vce-col--xs-first vce-col--sm-last vce-col--sm-first vce-col--md-last vce-col--lg-last vce-col--xl-last\" id=\"el-1c3573c4\"><div class=\"vce-col-inner\" data-vce-do-apply=\"border margin background  el-1c3573c4\"><div class=\"vce-col-content\" data-vce-element-content=\"true\" data-vce-do-apply=\"padding el-1c3573c4\"><div class=\"vce vce-separator-container vce-separator--align-center vce-separator--style-solid\" id=\"el-b48aea0a\" data-vce-do-apply=\"margin el-b48aea0a\"><div class=\"vce-separator vce-separator--color-bfc0c1 vce-separator--width-60 vce-separator--thickness-1\" data-vce-do-apply=\"border padding background  el-b48aea0a\"><\/div><\/div><div class=\"vce-single-image-container vce-single-image--align-center\"><div class=\"vce vce-single-image-wrapper\" id=\"el-ec014494\" data-vce-do-apply=\"all el-ec014494\"><figure><div class=\"vce-single-image-figure-inner\" style=\"width: 908px;\"><a href=\"https:\/\/oree-de-marly.com\/?page_id=107\" title=\"\" class=\"vce-single-image-inner vce-single-image--absolute vce-single-image--border-rounded\" style=\"width: 100%; padding-bottom: 68.942731%;\"><img loading=\"lazy\" decoding=\"async\" class=\"vce-single-image\"  width=\"908\" height=\"626\" srcset=\"https:\/\/oree-de-marly.com\/wp-content\/uploads\/2024\/10\/tab_securite-320x221.jpg 320w\" src=\"https:\/\/oree-de-marly.com\/wp-content\/uploads\/2022\/03\/tab_securite.jpg\" data-img-src=\"https:\/\/oree-de-marly.com\/wp-content\/uploads\/2022\/03\/tab_securite.jpg\" data-attachment-id=\"114\"  alt=\"\" title=\"tab_s\u00e9curit\u00e9\" \/><\/a><\/div><figcaption hidden=\"\"><\/figcaption><\/figure><\/div><\/div><div class=\"vce-text-block\"><div class=\"vce-text-block-wrapper vce\" id=\"el-59535868\" data-vce-do-apply=\"all el-59535868\"><h2>S\u00e9curit\u00e9<\/h2><p>Quelques mesures de s\u00e9curit\u00e9... de bon sens.<\/p><\/div><\/div><div class=\"vce-button--style-basic-container vce-button--style-basic-container--align-center\"><span class=\"vce-button--style-basic-wrapper vce\" id=\"el-75b71c2e\" data-vce-do-apply=\"margin el-75b71c2e\"><a class=\"vce-button vce-button--style-basic vce-button--style-basic--border-round vce-button--style-basic--size-medium vce-button--style-basic--color-557cbf--fff\" href=\"https:\/\/oree-de-marly.com\/?page_id=107\" title=\"\" data-vce-do-apply=\"padding border background  el-75b71c2e\">En savoir plus<\/a><\/span><\/div><\/div><\/div><\/div><\/div><\/div><\/div>\n","protected":false},"excerpt":{"rendered":"<p>Espaces vertPelouses, massifs de fleurs, arbres magestueux&#8230; Un havre de paix et de verdure.En savoir plusAires de jeuxDeux aires de jeux, enti\u00e8rement r\u00e9nov\u00e9s en 2010 sont \u00e0 la disposition des petits et des plus grands.En savoir plusPiscineLieux de rassemblement et de convivialit\u00e9 par excellence de la r\u00e9sidence.En savoir plusAire de lavage des voituresUne aire de &hellip; <\/p>\n<p class=\"link-more\"><a href=\"https:\/\/oree-de-marly.com\/?page_id=109\" class=\"more-link\">Continuer la lecture<span class=\"screen-reader-text\"> de &laquo;&nbsp;Qualit\u00e9 de la vie&nbsp;&raquo;<\/span><\/a><\/p>\n","protected":false},"author":1,"featured_media":0,"parent":117,"menu_order":3,"comment_status":"closed","ping_status":"closed","template":"","meta":{"footnotes":""},"class_list":["post-109","page","type-page","status-publish","hentry"],"jetpack_sharing_enabled":true,"_links":{"self":[{"href":"https:\/\/oree-de-marly.com\/index.php?rest_route=\/wp\/v2\/pages\/109","targetHints":{"allow":["GET"]}}],"collection":[{"href":"https:\/\/oree-de-marly.com\/index.php?rest_route=\/wp\/v2\/pages"}],"about":[{"href":"https:\/\/oree-de-marly.com\/index.php?rest_route=\/wp\/v2\/types\/page"}],"author":[{"embeddable":true,"href":"https:\/\/oree-de-marly.com\/index.php?rest_route=\/wp\/v2\/users\/1"}],"replies":[{"embeddable":true,"href":"https:\/\/oree-de-marly.com\/index.php?rest_route=%2Fwp%2Fv2%2Fcomments&post=109"}],"version-history":[{"count":5,"href":"https:\/\/oree-de-marly.com\/index.php?rest_route=\/wp\/v2\/pages\/109\/revisions"}],"predecessor-version":[{"id":2730,"href":"https:\/\/oree-de-marly.com\/index.php?rest_route=\/wp\/v2\/pages\/109\/revisions\/2730"}],"up":[{"embeddable":true,"href":"https:\/\/oree-de-marly.com\/index.php?rest_route=\/wp\/v2\/pages\/117"}],"wp:attachment":[{"href":"https:\/\/oree-de-marly.com\/index.php?rest_route=%2Fwp%2Fv2%2Fmedia&parent=109"}],"curies":[{"name":"wp","href":"https:\/\/api.w.org\/{rel}","templated":true}]}}