{"id":102,"date":"2022-03-28T17:40:35","date_gmt":"2022-03-28T15:40:35","guid":{"rendered":"https:\/\/oree-de-marly.com\/?page_id=102"},"modified":"2026-01-11T22:11:50","modified_gmt":"2026-01-11T21:11:50","slug":"aires-de-jeux","status":"publish","type":"page","link":"https:\/\/oree-de-marly.com\/?page_id=102","title":{"rendered":"Aires de jeux"},"content":{"rendered":"\n<p>Deux aires de jeux sont \u00e0 la disposition des petits et des plus grands. Elles ont \u00e9t\u00e9 enti\u00e8rement r\u00e9am\u00e9nag\u00e9es en 2010.<\/p>\n\n\n\n<p><strong><mark style=\"background-color:rgba(0, 0, 0, 0)\" class=\"has-inline-color has-vivid-red-color\">Note<\/mark><\/strong> : Pendant la dur\u00e9e du chantier de ravalement (Avril 2024 &#8211; Octobre 2026), l&#8217;aire &#8220;Parcours d&#8217;aventure&#8221; est utilis\u00e9e pour la base vie du chantier. Elle est donc ferm\u00e9e et sera remise en \u00e9tat fin 2026.<\/p>\n\n\n<div class=\"wp-block-image\">\n<figure class=\"aligncenter size-full is-resized\"><img decoding=\"async\" src=\"http:\/\/lechemindesarts.fr\/odm\/wp-content\/uploads\/2022\/01\/2010jeuxouest-1.jpg\" alt=\"\" class=\"wp-image-304\" style=\"width:674px;height:464px\"\/><figcaption class=\"wp-element-caption\"><strong>L&#8217;aire de jeux pour les petits (Aire Nord-Ouest)<\/strong><\/figcaption><\/figure>\n<\/div>\n\n<div class=\"wp-block-image\">\n<figure class=\"aligncenter size-full is-resized\"><img decoding=\"async\" src=\"http:\/\/lechemindesarts.fr\/odm\/wp-content\/uploads\/2022\/01\/2010airesudest004.jpg\" alt=\"\" class=\"wp-image-294\" style=\"width:675px;height:380px\"\/><figcaption class=\"wp-element-caption\"><strong>Le parcours d&#8217;aventure pour les plus grands (<strong>Aire Sud-<\/strong>Est)<\/strong><\/figcaption><\/figure>\n<\/div>\n\n\n<p>L&#8217;utilisation des aires de jeux se fait sous la surveillance et la responsabilit\u00e9 des parents.<\/p>\n\n\n\n<p><strong>Pour des raisons \u00e9videntes, l&#8217;acc\u00e8s aux animaux domestiques (chiens, chats, etc..) est interdite<\/strong>.<\/p>\n\n\n\n<p>Les aires de jeux sont ferm\u00e9s en p\u00e9riode de gel ou de neige pour des raisons de s\u00e9curit\u00e9<\/p>\n\n\n\n<p>Les jeux, notamment de ballon,&nbsp;ne sont pas autoris\u00e9es sur les&nbsp;pelouses de la R\u00e9sidence.<strong>&nbsp;&nbsp;<\/strong><\/p>\n\n\n\n<p>Se reporter \u00e0 la page 4 du&nbsp;r\u00e8glement int\u00e9rieur<\/p>\n","protected":false},"excerpt":{"rendered":"<p>Deux aires de jeux sont \u00e0 la disposition des petits et des plus grands. Elles ont \u00e9t\u00e9 enti\u00e8rement r\u00e9am\u00e9nag\u00e9es en 2010. Note : Pendant la dur\u00e9e du chantier de ravalement (Avril 2024 &#8211; Octobre 2026), l&#8217;aire &#8220;Parcours d&#8217;aventure&#8221; est utilis\u00e9e pour la base vie du chantier. Elle est donc ferm\u00e9e et sera remise en \u00e9tat &hellip; <\/p>\n<p class=\"link-more\"><a href=\"https:\/\/oree-de-marly.com\/?page_id=102\" class=\"more-link\">Continuer la lecture<span class=\"screen-reader-text\"> de &laquo;&nbsp;Aires de jeux&nbsp;&raquo;<\/span><\/a><\/p>\n","protected":false},"author":1,"featured_media":0,"parent":109,"menu_order":0,"comment_status":"closed","ping_status":"closed","template":"","meta":{"footnotes":""},"class_list":["post-102","page","type-page","status-publish","hentry"],"jetpack_sharing_enabled":true,"_links":{"self":[{"href":"https:\/\/oree-de-marly.com\/index.php?rest_route=\/wp\/v2\/pages\/102","targetHints":{"allow":["GET"]}}],"collection":[{"href":"https:\/\/oree-de-marly.com\/index.php?rest_route=\/wp\/v2\/pages"}],"about":[{"href":"https:\/\/oree-de-marly.com\/index.php?rest_route=\/wp\/v2\/types\/page"}],"author":[{"embeddable":true,"href":"https:\/\/oree-de-marly.com\/index.php?rest_route=\/wp\/v2\/users\/1"}],"replies":[{"embeddable":true,"href":"https:\/\/oree-de-marly.com\/index.php?rest_route=%2Fwp%2Fv2%2Fcomments&post=102"}],"version-history":[{"count":4,"href":"https:\/\/oree-de-marly.com\/index.php?rest_route=\/wp\/v2\/pages\/102\/revisions"}],"predecessor-version":[{"id":4268,"href":"https:\/\/oree-de-marly.com\/index.php?rest_route=\/wp\/v2\/pages\/102\/revisions\/4268"}],"up":[{"embeddable":true,"href":"https:\/\/oree-de-marly.com\/index.php?rest_route=\/wp\/v2\/pages\/109"}],"wp:attachment":[{"href":"https:\/\/oree-de-marly.com\/index.php?rest_route=%2Fwp%2Fv2%2Fmedia&parent=102"}],"curies":[{"name":"wp","href":"https:\/\/api.w.org\/{rel}","templated":true}]}}