{"id":100,"date":"2022-03-28T17:25:57","date_gmt":"2022-03-28T15:25:57","guid":{"rendered":"https:\/\/oree-de-marly.com\/?page_id=100"},"modified":"2022-04-01T15:58:00","modified_gmt":"2022-04-01T13:58:00","slug":"aire-de-lavage-des-voitures","status":"publish","type":"page","link":"https:\/\/oree-de-marly.com\/?page_id=100","title":{"rendered":"Aire de lavage des voitures"},"content":{"rendered":"\n<p>Une aire de lavage des voitures est disponible au coin nord-ouest de la r\u00e9sidence. Elle est utilisable par deux v\u00e9hicules en m\u00eame temps. Cette aire est ferm\u00e9e en p\u00e9riode hivernale pendant les p\u00e9riodes de gel.<\/p>\n\n\n\n<div class=\"wp-block-image is-style-default\"><figure class=\"aligncenter size-full\"><img decoding=\"async\" src=\"http:\/\/lechemindesarts.fr\/odm\/wp-content\/uploads\/2022\/01\/aire-lavage2.jpg\" alt=\"\" class=\"wp-image-417\"\/><\/figure><\/div>\n\n\n\n<p>L&#8217;utilisateur devra se munir d&#8217;un tuyau avec raccordement illustr\u00e9 ci-dessous pour se brancher sur le robinet d&#8217;eau.<\/p>\n\n\n\n<div class=\"wp-block-image\"><figure class=\"aligncenter size-large is-resized\"><img loading=\"lazy\" decoding=\"async\" src=\"https:\/\/oree-de-marly.com\/wp-content\/uploads\/2022\/04\/IMG_5929-1024x768.jpg\" alt=\"\" class=\"wp-image-172\" width=\"246\" height=\"184\" srcset=\"https:\/\/oree-de-marly.com\/wp-content\/uploads\/2022\/04\/IMG_5929-1024x768.jpg 1024w, https:\/\/oree-de-marly.com\/wp-content\/uploads\/2022\/04\/IMG_5929-300x225.jpg 300w, https:\/\/oree-de-marly.com\/wp-content\/uploads\/2022\/04\/IMG_5929-768x576.jpg 768w, https:\/\/oree-de-marly.com\/wp-content\/uploads\/2022\/04\/IMG_5929-1536x1152.jpg 1536w, https:\/\/oree-de-marly.com\/wp-content\/uploads\/2022\/04\/IMG_5929-2048x1536.jpg 2048w\" sizes=\"auto, (max-width: 246px) 100vw, 246px\" \/><\/figure><\/div>\n\n\n\n<p>Merci de respecter les consignes suivantes:<\/p>\n\n\n\n<ul class=\"wp-block-list\"><li>Par respect pour les riverains n&#8217;utilisez par votre autoradio ou toute autre source de bruit pendant l&#8217;op\u00e9ration.<\/li><li>Evitez d&#8217;asperger les voitures stationn\u00e9es au voisinage de l&#8217;aire de lavage.<\/li><li>Ne laissez pas couler l&#8217;eau inutilement et veillez \u00e0 bien fermer le robinet en partant.<\/li><li><strong>Signaler imm\u00e9diatement toute fuite au gardien<\/strong>.<\/li><li>L&#8217;usage de cette aire est r\u00e9serv\u00e9e uniquement au r\u00e9sidents de l&#8217;Or\u00e9e de Marly. Inutile d&#8217;inviter vos amis \u00e0 en profiter.<\/li><li>Cet emplacement n&#8217;est pas une place de parking, y compris pour les invit\u00e9s, les camping-cars ou les caravanes.<\/li><\/ul>\n","protected":false},"excerpt":{"rendered":"<p>Une aire de lavage des voitures est disponible au coin nord-ouest de la r\u00e9sidence. Elle est utilisable par deux v\u00e9hicules en m\u00eame temps. Cette aire est ferm\u00e9e en p\u00e9riode hivernale pendant les p\u00e9riodes de gel. L&#8217;utilisateur devra se munir d&#8217;un tuyau avec raccordement illustr\u00e9 ci-dessous pour se brancher sur le robinet d&#8217;eau. Merci de respecter &hellip; <\/p>\n<p class=\"link-more\"><a href=\"https:\/\/oree-de-marly.com\/?page_id=100\" class=\"more-link\">Continuer la lecture<span class=\"screen-reader-text\"> de &laquo;&nbsp;Aire de lavage des voitures&nbsp;&raquo;<\/span><\/a><\/p>\n","protected":false},"author":1,"featured_media":0,"parent":109,"menu_order":0,"comment_status":"closed","ping_status":"closed","template":"","meta":{"footnotes":""},"class_list":["post-100","page","type-page","status-publish","hentry"],"jetpack_sharing_enabled":true,"_links":{"self":[{"href":"https:\/\/oree-de-marly.com\/index.php?rest_route=\/wp\/v2\/pages\/100","targetHints":{"allow":["GET"]}}],"collection":[{"href":"https:\/\/oree-de-marly.com\/index.php?rest_route=\/wp\/v2\/pages"}],"about":[{"href":"https:\/\/oree-de-marly.com\/index.php?rest_route=\/wp\/v2\/types\/page"}],"author":[{"embeddable":true,"href":"https:\/\/oree-de-marly.com\/index.php?rest_route=\/wp\/v2\/users\/1"}],"replies":[{"embeddable":true,"href":"https:\/\/oree-de-marly.com\/index.php?rest_route=%2Fwp%2Fv2%2Fcomments&post=100"}],"version-history":[{"count":5,"href":"https:\/\/oree-de-marly.com\/index.php?rest_route=\/wp\/v2\/pages\/100\/revisions"}],"predecessor-version":[{"id":174,"href":"https:\/\/oree-de-marly.com\/index.php?rest_route=\/wp\/v2\/pages\/100\/revisions\/174"}],"up":[{"embeddable":true,"href":"https:\/\/oree-de-marly.com\/index.php?rest_route=\/wp\/v2\/pages\/109"}],"wp:attachment":[{"href":"https:\/\/oree-de-marly.com\/index.php?rest_route=%2Fwp%2Fv2%2Fmedia&parent=100"}],"curies":[{"name":"wp","href":"https:\/\/api.w.org\/{rel}","templated":true}]}}